5?
63
Calculate the greatest common divisor of 15638240 and 4640.
160
Calculate the highest common factor of 2 and 570303.
1
Calculate the highest common factor of 8131 and 1921783.
47
What is the highest common factor of 898722 and 456926?
3026
What is the highest common factor of 20626742 and 874?
38
What is the highest common divisor of 441 and 17759196?
63
What is the highest common divisor of 116770480 and 160?
80
What is the greatest common divisor of 24559038 and 54?
54
Calculate the greatest common divisor of 1842139 and 253409.
1313
Calculate the highest common factor of 19344 and 457392.
624
Calculate the greatest common factor of 223819920 and 420.
60
Calculate the greatest common divisor of 2040 and 12747620.
340
What is the highest common divisor of 167301 and 157686?
1923
Calculate the greatest common factor of 60543760 and 2.
2
Calculate the greatest common factor of 123575 and 11625.
25
What is the highest common divisor of 36638830 and 533?
41
Calculate the greatest common factor of 846 and 5671208.
94
What is the highest common divisor of 22622171 and 3784?
473
Calculate the greatest common factor of 4960 and 3096745.
155
Calculate the highest common divisor of 3145 and 28728980.
85
What is the greatest common divisor of 996 and 360933966?
498
What is the highest common factor of 128600667 and 5876?
1469
What is the greatest common factor of 1036 and 51713494?
518
What is the highest common factor of 3996162 and 516?
258
Calculate the greatest common factor of 4496115 and 360.
15
Calculate the highest common divisor of 1 and 129239893.
1
Calculate the highest common divisor of 4601446 and 169263.
6269
Calculate the highest common factor of 1746080 and 12260.
20
Calculate the highest common divisor of 4552103 and 191.
191
Calculate the highest common factor of 32381238 and 45712.
5714
What is the greatest common divisor of 16929 and 265012?
209
Calculate the highest common divisor of 13 and 3722015830.
13
What is the highest common divisor of 835525264 and 14?
14
Calculate the greatest common factor of 2894884 and 28.
4
What is the highest common divisor of 144 and 287992206?
18
Calculate the greatest common factor of 940562098 and 14.
14
Calculate the greatest common factor of 110315820 and 12.
12
What is the highest common divisor of 704 and 33392224?
32
What is the greatest common factor of 4950256 and 128?
16
Calculate the greatest common factor of 78 and 6110262.
6
What is the highest common divisor of 819914223 and 2126?
1063
Calculate the greatest common divisor of 2748746 and 146146.
2002
What is the highest common factor of 264 and 325721451?
33
What is the highest common divisor of 1464096272 and 194?
194
Calculate the highest common divisor of 685 and 200590605.
685
What is the highest common divisor of 1083133910 and 20?
10
What is the greatest common factor of 8398375 and 125?
125
Calculate the highest common factor of 1345764 and 31968.
444
What is the highest common factor of 157884 and 18?
6
Calculate the highest common factor of 1782498 and 48.
6
Calculate the highest common factor of 7195422 and 234.
78
What is the highest common factor of 10074 and 2537734624?
3358
Calculate the greatest common factor of 7955 and 93329651.
1591
What is the highest common divisor of 133 and 1475747?
7
What is the highest common divisor of 8253828 and 4422?
66
Calculate the highest common divisor of 2576 and 329981.
23
Calculate the highest common factor of 4784 and 18178992.
208
What is the greatest common divisor of 4014515 and 1640?
205
Calculate the highest common divisor of 45411063 and 3162.
1581
What is the highest common divisor of 1924 and 29848?
52
What is the greatest common factor of 6537273 and 6555?
57
Calculate the greatest common factor of 18437601 and 273.
273
What is the highest common factor of 3987 and 36980754?
1329
What is the highest common factor of 1 and 386221927?
1
What is the highest common factor of 1134012 and 2541?
363
Calculate the greatest common factor of 876767895 and 810.
405
What is the highest common factor of 10108218 and 18?
6
What is the greatest common factor of 13588 and 7959724?
316
What is the greatest common divisor of 9134 and 152?
2
Calculate the greatest common factor of 6482308 and 1764.
196
Calculate the greatest common divisor of 38334 and 378.
6
Calculate the greatest common divisor of 5407002 and 2248281.
2529
Calculate the highest common divisor of 431477339 and 122.
61
Calculate the greatest common factor of 1139545 and 81785.
55
Calculate the highest common factor of 24016 and 9234.
38
Calculate the greatest common factor of 151886 and 45866.
38
Calculate the highest common divisor of 28889497 and 39746.
1169
Calculate the highest common divisor of 135378724 and 9386.
494
What is the highest common factor of 767821 and 15585?
1039
Calculate the greatest common factor of 3163143 and 33.
3
What is the highest common divisor of 6650 and 8723470?
1330
Calculate the highest common factor of 45 and 9043935.
15
Calculate the greatest common factor of 565 and 9474259.
113
What is the greatest common divisor of 35469118 and 678?
226
What is the highest common divisor of 1343731067 and 17492?
4373
Calculate the greatest common divisor of 1345553 and 187.
11
What is the highest common divisor of 27 and 3080967?
3
Calculate the greatest common divisor of 8577573 and 53.
53
What is the highest common factor of 19 and 527085118?
19
What is the greatest common divisor of 2723 and 4527033?
7
Calculate the highest common divisor of 29648 and 3875604.
436
What is the highest common factor of 121830544 and 16?
16
Calculate the greatest common divisor of 20 and 735755.
5
What is the highest common divisor of 129 and 79521964?
43
What is the highest common factor of 191052 and 27558?
18
What is the highest common divisor of 4200 and 335625?
75
Calculate the greatest common divisor of 106088404 and 424.
212
What is the highest common divisor of 28672 and 9688?
56
Calculate the greatest common factor of 1259723 and 66878.
281
What is the greatest common factor of 2013 and 148401?
33
What is the highest common divisor of 398865617 and 4168?
521
What is the highest common factor of 34573 and 27196379?
3143
What is the greatest common factor of 1456209 and 1332?
333
What is the highest common divisor of 13130 and 2622465?
505
What is the highest common factor of 192206 and 427?
7
What is the greatest common factor of 32639 and 179?
1
What is the greatest common divisor of 246256141 and 172?
43
What is the greatest common divisor of 474 and 105743238?
474
Calculate the greatest common factor of 441145 and 54365.
415
What is the highest common factor of 1 and 588636248?
1
What is the greatest common divisor of 4657059820 and 10220?
10220
What is the greatest common divisor of 10582728 and 377?
13
Calculate the highest common factor of 144816 and 5040.
336
Calculate the highest common factor of 6197 and 3115039793.
6197
What is the greatest common factor of 65508 and 156297?
159
What is the greatest common factor of 223500 and 690?
30
Calculate the greatest common factor of 747331 and 3991.
13
What is the greatest common factor of 1042470 and 5832?
1458
Calculate the greatest common factor of 218858 and 7431414.
1394
Calculate the highest common divisor of 1902 and 79133661.
951
What is the greatest common divisor of 22810697 and 1266528?
13193
Calculate the greatest common factor of 2833818 and 141.
141
Calculate the greatest common factor of 315 and 9124010.
35
What is the greatest common factor of 45 and 1277269530?
15
Calculate the greatest common divisor of 232179 and 309171.
1203
What is the highest common factor of 53209238 and 23732?
698
Calculate the greatest common divisor of 20958 and 6697578.
2994
What is the highest common factor of 3 and 1368847?
1
Calculate the greatest common factor of 78185407 and 827.
827
What is the greatest common factor of 22747731 and 114?
57
What is the highest common factor of 8666955 and 15455?
55
Calculate the highest common divisor of 103786742 and 366.
122
What is the highest common divisor of 4516 and 21627124?
4516
Calculate the greatest common divisor of 38 and 9257218.
38
What is the greatest common factor of 138 and 28535502?
138
What is the hig